e
Is 2603732609 a prime number?
True
Is 6309740243 prime?
False
Is 8332840655 prime?
False
Is 5840943253 a composite number?
False
Is 27522416015 a composite number?
True
Is 4719859087 a prime number?
False
Is 102801163 a composite number?
False
Is 6916122197 a prime number?
True
Is 7713908581 prime?
True
Is 10090477583 a prime number?
True
Is 354516829 a composite number?
True
Is 6428553557 prime?
False
Is 15832639943 prime?
True
Is 71221060571 composite?
False
Is 9376535821 a composite number?
True
Is 26159317447 composite?
False
Is 568382149 prime?
True
Is 1299248701 a prime number?
False
Is 2423536111 a prime number?
False
Is 13319215177 composite?
True
Is 23470390421 composite?
False
Is 14754643987 composite?
True
Is 2904761927 composite?
True
Is 218046163 prime?
False
Is 3775880861 a prime number?
True
Is 16465201 composite?
True
Is 963550213 a composite number?
True
Is 6836304187 composite?
False
Is 1777956779 composite?
True
Is 15178088951 a prime number?
True
Is 5749407707 a prime number?
True
Is 55062291589 a prime number?
True
Is 5165416297 prime?
False
Is 28377175147 composite?
True
Is 149188697071 a composite number?
False
Is 3654021419 a composite number?
True
Is 5585588311 a prime number?
True
Is 211036739 prime?
True
Is 823128913 a composite number?
False
Is 31164609599 a composite number?
False
Is 15580021 prime?
False
Is 11415451633 a prime number?
True
Is 3128280293 a composite number?
False
Is 312590882995 prime?
False
Is 10725760007 composite?
False
Is 1891149979 a composite number?
False
Is 4035751591 prime?
True
Is 489306193 a composite number?
True
Is 3547506707 prime?
True
Is 22336276597 a composite number?
False
Is 299902873 a prime number?
True
Is 16221473549 prime?
False
Is 515363146117 composite?
False
Is 7873636894 a prime number?
False
Is 1517483371 composite?
False
Is 1105500709 prime?
False
Is 175806291083 prime?
True
Is 363661717 composite?
True
Is 476066177 composite?
False
Is 11880917327 prime?
False
Is 438671795 a composite number?
True
Is 10190742179 composite?
True
Is 89211342803 composite?
True
Is 306909947 composite?
False
Is 6406273 composite?
True
Is 17467411381 a composite number?
True
Is 422643977 composite?
True
Is 250880701 composite?
True
Is 9386900609 a composite number?
False
Is 48991368367 prime?
True
Is 4305759649 a composite number?
False
Is 2495110459 a prime number?
True
Is 86597708537 composite?
True
Is 232370423 composite?
True
Is 24942670437 prime?
False
Is 2523222353 prime?
False
Is 63210473999 a prime number?
True
Is 7308580057 prime?
False
Is 6774559147 composite?
True
Is 3274498681 prime?
True
Is 8947240459 prime?
False
Is 1152782099 prime?
False
Is 2176993499 a composite number?
True
Is 15790673629 a composite number?
False
Is 64586373697 prime?
True
Is 716182097 a composite number?
True
Is 29568373301 composite?
True
Is 995977609 composite?
True
Is 464625769 composite?
False
Is 5504656951 prime?
False
Is 8110074887 a prime number?
True
Is 235240534463 a composite number?
True
Is 72960539 a composite number?
False
Is 315276007 composite?
False
Is 1735471553 composite?
False
Is 172683940537 prime?
True
Is 1453363341 prime?
False
Is 376868777 prime?
False
Is 1832185553 prime?
False
Is 36180803753 prime?
True
Is 107907640174 prime?
False
Is 30236386963 composite?
False
Is 998641109 a composite number?
False
Is 15612878327 a prime number?
True
Is 40518266095 prime?
False
Is 399642569 a composite number?
False
Is 128189183 a composite number?
True
Is 18549526631 a composite number?
False
Is 7376190641 a prime number?
True
Is 3194459869 a composite number?
False
Is 42025470991 a prime number?
False
Is 695992007 prime?
True
Is 3482482561 composite?
True
Is 111379660669 a composite number?
True
Is 19890062039 a prime number?
True
Is 3168986047 prime?
False
Is 781557061 a prime number?
False
Is 16055413609 prime?
True
Is 26161759237 a prime number?
True
Is 140677127 a prime number?
True
Is 2911614523 a prime number?
False
Is 348632201 a prime number?
True
Is 17320884947 prime?
False
Is 853182397 a prime number?
False
Is 8329819 composite?
False
Is 70235912819 composite?
False
Is 17552208923 a prime number?
True
Is 18009543637 a composite number?
False
Is 23726839471 composite?
False
Is 14404275397 a composite number?
False
Is 50987449837 a composite number?
True
Is 29699093 a prime number?
False
Is 4789970151 prime?
False
Is 14421180017 a composite number?
False
Is 13597291061 composite?
True
Is 10168339121 a prime number?
True
Is 33521941711 prime?
True
Is 3774862757 composite?
True
Is 34534873343 composite?
False
Is 44828159 a composite number?
True
Is 97028369069 composite?
False
Is 30775122953 a prime number?
True
Is 21521039219 a prime number?
True
Is 46619231 a prime number?
True
Is 34054049803 prime?
False
Is 26799488231 a composite number?
False
Is 6377813257 a composite number?
False
Is 3211793749 a prime number?
True
Is 3511977739 a prime number?
True
Is 447549847 a composite number?
True
Is 25781389 a composite number?
False
Is 983145829 a composite number?
True
Is 1680909991 a prime number?
False
Is 250933706 a composite number?
True
Is 2878464091 composite?
False
Is 3019255159 a composite number?
True
Is 118837808449 a composite number?
False
Is 2581626533 prime?
True
Is 101406251 prime?
False
Is 613687289 a composite number?
True
Is 786360677 a composite number?
True
Is 179717141 a composite number?
False
Is 60651301 prime?
True
Is 39617993 prime?
False
Is 1441197047 composite?
False
Is 2521910155 a composite number?
True
Is 5725826363 composite?
True
Is 24206368439 a prime number?
False
Is 78883320229 prime?
False
Is 1607019671 a prime number?
False
Is 12720768029 prime?
True
Is 90753643 a composite number?
True
Is 4663067987 prime?
True
Is 341689583 a prime number?
True
Is 44876387 a composite number?
False
Is 59237039819 a prime number?
True
Is 14195992841 a prime number?
True
Is 93031931543 prime?
True
Is 3926242181 prime?
True
Is 2319455981 composite?
False
Is 8407142243 a prime number?
False
Is 2854614305 composite?
True
Is 174124859 prime?
True
Is 53678594353 a composite number?
True
Is 1792016933 a prime number?
False
Is 8419302389 composite?
False
Is 6248633 composite?
False
Is 19492851617 prime?
True
Is 22494025315 composite?
True
Is 4685490941 a prime number?
True
Is 21150536257 a composite number?
True
Is 42745210861 composite?
False
Is 3070202753 prime?
True
Is 9181682329 composite?
False
Is 4355094977 a prime number?
True
Is 36690117851 a composite number?
True
Is 66490948697 a composite number?
False
Is 1962865963 a prime number?
True
Is 59648159 composite?
False
Is 35315099543 prime?
True
Is 7819514107 composite?
False
Is 754667959 prime?
True
Is 123387938617 prime?
True
Is 32599837 composite?
True
Is 36127306 a composite number?
True
Is 1169682791 composite?
False
Is 46054608661 composite?
True
Is 356668229 a composite number?
False
Is 13209716581 a composite number?
False
Is 5436660401 prime?
False
Is 8571366707 a composite number?
False
Is 21367980721 a composite number?
False
Is 1277974441 prime?
False
Is 2061718469 composite?
True
Is 17722020269 prime?
True
Is 293999769469 a prime number?
False
Is 83374415569 prime?
False
Is 30771308707 a prime number?
True
Is 86019797 a composite number?
True
Is 94631688313 prime?
False
Is 11251910755 a prime number?
False
Is 14079498337 a prime number?
True
Is 27609951529 prime?
True
Is 95178521 prime?
False
Is 1399892323 a composite number?
False
Is 6353056131 composite?
True
Is 124418951 a prime number?
False
Is 6357966949 prime?
False
Is 794720161 prime?
True
Is 2581270343 a composite number?
True
Is 2183383981 a prime number?
False
Is 4849527799 a prime number?
True
Is 62781743537 a composite number?
False
Is 20982802639 a composite number?
False
Is 2430064501 composite?
True
Is 801002573 composite?
True
Is 939813493 composite?
True
Is 558202067 composite?
False
Is 6672414991 a prime number?
False
Is 29020721 a prime number?
True
Is 48413761139 composite?
False
Is 55806640393 a prime number?
False
Is 683026049 a composite number?
False
Is 481387637 a prime number?
True
Is 59824068155 a composite number?
True
Is 84360106711 composite?
False
Is 32281295623 prime?
False
Is 2664641143 prime?
True
Is 24925409 a prime